{"id":241735,"date":"2025-06-12T14:04:29","date_gmt":"2025-06-12T12:04:29","guid":{"rendered":"https:\/\/www.mppu.org\/?page_id=241735"},"modified":"2025-12-23T09:31:45","modified_gmt":"2025-12-23T08:31:45","slug":"sostienici","status":"publish","type":"page","link":"https:\/\/www.mppu.org\/index.php\/sostienici\/","title":{"rendered":"Sostienici"},"content":{"rendered":"\t\t<div data-elementor-type=\"wp-page\" data-elementor-id=\"241735\" class=\"elementor elementor-241735\" data-elementor-post-type=\"page\">\n\t\t\t\t<div class=\"elementor-element elementor-element-4bbb20c e-flex e-con-boxed e-con e-parent\" data-id=\"4bbb20c\" data-element_type=\"container\">\n\t\t\t\t\t<div class=\"e-con-inner\">\n\t\t\t\t<div class=\"elementor-element elementor-element-260acdb elementor-blockquote--skin-border elementor-blockquote--button-color-official elementor-widget elementor-widget-blockquote\" data-id=\"260acdb\" data-element_type=\"widget\" data-widget_type=\"blockquote.default\">\n\t\t\t\t<div class=\"elementor-widget-container\">\n\t\t\t\t\t\t\t<blockquote class=\"elementor-blockquote\">\n\t\t\t<p class=\"elementor-blockquote__content\">\n\t\t\t\tIl nostro Ideale ci guida, ma a sostenerci davvero sono le persone che credono in una politica al servizio dell'unit\u00e0*. \nIl tuo contributo \u00e8 prezioso e fa la differenza: dona ora e diventa parte della nostra missione. \n\t\t\t<\/p>\n\t\t\t\t\t<\/blockquote>\n\t\t\t\t\t\t<\/div>\n\t\t\t\t<\/div>\n\t\t\t\t<div class=\"elementor-element elementor-element-a49ba44 elementor-align-center elementor-widget elementor-widget-button\" data-id=\"a49ba44\" data-element_type=\"widget\" data-widget_type=\"button.default\">\n\t\t\t\t<div class=\"elementor-widget-container\">\n\t\t\t\t\t\t\t\t\t<div class=\"elementor-button-wrapper\">\n\t\t\t\t\t<a class=\"elementor-button elementor-button-link elementor-size-sm\" href=\"https:\/\/www.new-humanity.org\/donations\/supporto-a-attivita-e-progetti-del-mppu-settore-politico-di-new-humanity\/\" target=\"_blank\" rel=\"noopener\">\n\t\t\t\t\t\t<span class=\"elementor-button-content-wrapper\">\n\t\t\t\t\t\t\t\t\t<span class=\"elementor-button-text\">DONA ORA<\/span>\n\t\t\t\t\t<\/span>\n\t\t\t\t\t<\/a>\n\t\t\t\t<\/div>\n\t\t\t\t\t\t\t\t<\/div>\n\t\t\t\t<\/div>\n\t\t\t\t<div class=\"elementor-element elementor-element-044912d elementor-widget elementor-widget-text-editor\" data-id=\"044912d\" data-element_type=\"widget\" data-widget_type=\"text-editor.default\">\n\t\t\t\t<div class=\"elementor-widget-container\">\n\t\t\t\t\t\t\t\t\t<div class=\"fusion-text\"><p class=\"c16\"><strong>*<\/strong>L\u2019articolo 14 della Charta MPPU prevede che il<strong> Movimento politico per l\u2019unit\u00e0<\/strong>, in quanto <strong>settore politico della ONG New Humanity<\/strong>, sovvenzioni le proprie attivit\u00e0 attenendosi ai princ\u00ecpi di sobriet\u00e0, trasparenza e pubblicit\u00e0, accogliendo i contributi volontari di chi ne condivide le finalit\u00e0 e\/o i progetti.<\/p><\/div>\t\t\t\t\t\t\t\t<\/div>\n\t\t\t\t<\/div>\n\t\t<div class=\"elementor-element elementor-element-f313a3a e-flex e-con-boxed e-con e-child\" data-id=\"f313a3a\" data-element_type=\"container\" data-settings=\"{&quot;background_background&quot;:&quot;classic&quot;}\">\n\t\t\t\t\t<div class=\"e-con-inner\">\n\t\t\t\t<div class=\"elementor-element elementor-element-4a2f31a elementor-widget elementor-widget-heading\" data-id=\"4a2f31a\" data-element_type=\"widget\" data-widget_type=\"heading.default\">\n\t\t\t\t<div class=\"elementor-widget-container\">\n\t\t\t\t\t<h5 class=\"elementor-heading-title elementor-size-default\">Come richiedere la tua ricevuta:<\/h5>\t\t\t\t<\/div>\n\t\t\t\t<\/div>\n\t\t\t\t<div class=\"elementor-element elementor-element-17b4b09 elementor-widget elementor-widget-text-editor\" data-id=\"17b4b09\" data-element_type=\"widget\" data-widget_type=\"text-editor.default\">\n\t\t\t\t<div class=\"elementor-widget-container\">\n\t\t\t\t\t\t\t\t\t<p><span style=\"font-weight: 400;\">Grazie per la tua generosa donazione! <\/span><\/p><p><span style=\"font-weight: 400;\">La ONG New Humanity\u00a0 pu\u00f2 rilasciare una ricevuta valida per le detrazioni fiscali.\u00a0<\/span><\/p><p><span style=\"font-weight: 400;\">Se desideri ottenerla, invia una e-mail all\u2019indirizzo &lt;projects@new-humanity.org&gt;, indicando in oggetto \u201cRICHIESTA RICEVUTA\u201d e includendo i seguenti dati:<\/span><\/p>\t\t\t\t\t\t\t\t<\/div>\n\t\t\t\t<\/div>\n\t\t\t\t<div class=\"elementor-element elementor-element-3aebc5d elementor-widget elementor-widget-text-editor\" data-id=\"3aebc5d\" data-element_type=\"widget\" data-widget_type=\"text-editor.default\">\n\t\t\t\t<div class=\"elementor-widget-container\">\n\t\t\t\t\t\t\t\t\t<ul><li style=\"font-weight: 400;\" aria-level=\"1\"><span style=\"font-weight: 400;\">Nome del donatore\/Ragione sociale;<\/span><\/li><li style=\"font-weight: 400;\" aria-level=\"1\"><span style=\"font-weight: 400;\">Somma inviata;<\/span><\/li><li style=\"font-weight: 400;\" aria-level=\"1\"><span style=\"font-weight: 400;\">Data di invio;<\/span><\/li><li style=\"font-weight: 400;\" aria-level=\"1\"><span style=\"font-weight: 400;\">Indirizzo completo;<\/span><\/li><li style=\"font-weight: 400;\" aria-level=\"1\"><span style=\"font-weight: 400;\">Codice Fiscale o Partita IVA.<\/span><\/li><\/ul>\t\t\t\t\t\t\t\t<\/div>\n\t\t\t\t<\/div>\n\t\t\t\t<div class=\"elementor-element elementor-element-9a201d5 elementor-widget elementor-widget-text-editor\" data-id=\"9a201d5\" data-element_type=\"widget\" data-widget_type=\"text-editor.default\">\n\t\t\t\t<div class=\"elementor-widget-container\">\n\t\t\t\t\t\t\t\t\t<p><em>I dati personali collegati alla donazione verranno trattati nel rispetto del GDPR 679\/2016 e D. lgs 196\/03 per l\u2019esclusivo perseguimento delle finalit\u00e0 statutarie dell\u2019Ente.<\/em><\/p><p><b>per l\u2019ITALIA: 5X1000<\/b><\/p><p>Sostieni i progetti della ONG New Humanity destinando il tuo 5&#215;1000 alla nostra Associazione.<br \/>Firma e riporta il codice fiscale 92019050589 nel riquadro indicato per la \u201cscelta per la destinazione del 5XMILLE dell\u2019IRPEF\u201d, nei modelli disponibili per la dichiarazione dei redditi (CU, 730 e modello UNICO per le persone fisiche).<\/p>\t\t\t\t\t\t\t\t<\/div>\n\t\t\t\t<\/div>\n\t\t\t\t\t<\/div>\n\t\t\t\t<\/div>\n\t\t\t\t\t<\/div>\n\t\t\t\t<\/div>\n\t\t\t\t<\/div>\n\t\t","protected":false},"excerpt":{"rendered":"<p>Il nostro Ideale ci guida, ma a sostenerci davvero sono le persone che credono in una politica al servizio dell&#8217;unit\u00e0*. Il tuo contributo \u00e8 prezioso e fa la differenza: dona ora e diventa parte della nostra missione. DONA ORA *L\u2019articolo 14 della Charta MPPU prevede che il Movimento politico per l\u2019unit\u00e0, in quanto settore politico [&hellip;]<\/p>\n","protected":false},"author":1,"featured_media":0,"parent":0,"menu_order":0,"comment_status":"closed","ping_status":"closed","template":"","meta":{"_acf_changed":false,"footnotes":""},"class_list":["post-241735","page","type-page","status-publish","hentry"],"acf":[],"_links":{"self":[{"href":"https:\/\/www.mppu.org\/index.php\/wp-json\/wp\/v2\/pages\/241735","targetHints":{"allow":["GET"]}}],"collection":[{"href":"https:\/\/www.mppu.org\/index.php\/wp-json\/wp\/v2\/pages"}],"about":[{"href":"https:\/\/www.mppu.org\/index.php\/wp-json\/wp\/v2\/types\/page"}],"author":[{"embeddable":true,"href":"https:\/\/www.mppu.org\/index.php\/wp-json\/wp\/v2\/users\/1"}],"replies":[{"embeddable":true,"href":"https:\/\/www.mppu.org\/index.php\/wp-json\/wp\/v2\/comments?post=241735"}],"version-history":[{"count":22,"href":"https:\/\/www.mppu.org\/index.php\/wp-json\/wp\/v2\/pages\/241735\/revisions"}],"predecessor-version":[{"id":244774,"href":"https:\/\/www.mppu.org\/index.php\/wp-json\/wp\/v2\/pages\/241735\/revisions\/244774"}],"wp:attachment":[{"href":"https:\/\/www.mppu.org\/index.php\/wp-json\/wp\/v2\/media?parent=241735"}],"curies":[{"name":"wp","href":"https:\/\/api.w.org\/{rel}","templated":true}]}}