{"id":244496,"date":"2025-12-10T23:21:27","date_gmt":"2025-12-10T22:21:27","guid":{"rendered":"https:\/\/www.mppu.org\/?page_id=244496"},"modified":"2025-12-10T23:23:21","modified_gmt":"2025-12-10T22:23:21","slug":"advocacy","status":"publish","type":"page","link":"https:\/\/www.mppu.org\/index.php\/azione-politica\/advocacy\/","title":{"rendered":"Advocacy"},"content":{"rendered":"\t\t<div data-elementor-type=\"wp-page\" data-elementor-id=\"244496\" class=\"elementor elementor-244496\" data-elementor-post-type=\"page\">\n\t\t\t\t<div class=\"elementor-element elementor-element-5d4c4c4 e-flex e-con-boxed e-con e-parent\" data-id=\"5d4c4c4\" data-element_type=\"container\">\n\t\t\t\t\t<div class=\"e-con-inner\">\n\t\t\t\t<div class=\"elementor-element elementor-element-69ecb54 elementor-blockquote--skin-border elementor-blockquote--button-color-official elementor-widget elementor-widget-blockquote\" data-id=\"69ecb54\" data-element_type=\"widget\" data-widget_type=\"blockquote.default\">\n\t\t\t\t<div class=\"elementor-widget-container\">\n\t\t\t\t\t\t\t<blockquote class=\"elementor-blockquote\">\n\t\t\t<p class=\"elementor-blockquote__content\">\n\t\t\t\tSiamo convinti che l\u2019attuazione di strategie creative e innovative, spesso limitate ma ispirate a una visione di corresponsabilit\u00e0, inclusione e maggiore equit\u00e0, possa avere un impatto efficace sui nostri territori e rigenerarne il tessuto.\n<br> \n<br> \nQuesto spazio \u00e8 a disposizione di coloro che desiderano condividere e diffondere le \u201cbuone pratiche\u201d esistenti: non per promuovere particolari attivit\u00e0 da replicare direttamente, ma per offrire spunti di innovazione sociale e valorizzare i molteplici percorsi che possono essere seguiti in modo collaborativo.\t\t\t<\/p>\n\t\t\t\t\t<\/blockquote>\n\t\t\t\t\t\t<\/div>\n\t\t\t\t<\/div>\n\t\t\t\t<div class=\"elementor-element elementor-element-6099d4a elementor-widget elementor-widget-text-editor\" data-id=\"6099d4a\" data-element_type=\"widget\" data-widget_type=\"text-editor.default\">\n\t\t\t\t<div class=\"elementor-widget-container\">\n\t\t\t\t\t\t\t\t\t<div class=\"fusion-layout-column fusion_builder_column fusion_builder_column_1_1 fusion-builder-column-2 fusion-one-full fusion-column-first fusion-column-last fusion-column-no-min-height fusion-animated 1_1\" data-animationtype=\"fadeInDown\" data-animationduration=\"1.0\" data-animationoffset=\"100%\"><div class=\"fusion-column-wrapper\" data-bg-url=\"\"><div class=\"fusion-text\"><p>Chi fosse interessato a saperne di pi\u00f9 pu\u00f2 scrivere alla mail:\u00a0<b>info@mppu.org<\/b><\/p><\/div><\/div><\/div>\t\t\t\t\t\t\t\t<\/div>\n\t\t\t\t<\/div>\n\t\t\t\t<div class=\"elementor-element elementor-element-52b1b6b elementor-grid-1 elementor-grid-tablet-2 elementor-grid-mobile-1 elementor-widget elementor-widget-loop-grid\" data-id=\"52b1b6b\" data-element_type=\"widget\" data-settings=\"{&quot;template_id&quot;:241494,&quot;columns&quot;:1,&quot;pagination_type&quot;:&quot;load_more_on_click&quot;,&quot;_skin&quot;:&quot;post&quot;,&quot;columns_tablet&quot;:&quot;2&quot;,&quot;columns_mobile&quot;:&quot;1&quot;,&quot;edit_handle_selector&quot;:&quot;[data-elementor-type=\\&quot;loop-item\\&quot;]&quot;,&quot;load_more_spinner&quot;:{&quot;value&quot;:&quot;fas fa-spinner&quot;,&quot;library&quot;:&quot;fa-solid&quot;},&quot;row_gap&quot;:{&quot;unit&quot;:&quot;px&quot;,&quot;size&quot;:&quot;&quot;,&quot;sizes&quot;:[]},&quot;row_gap_tablet&quot;:{&quot;unit&quot;:&quot;px&quot;,&quot;size&quot;:&quot;&quot;,&quot;sizes&quot;:[]},&quot;row_gap_mobile&quot;:{&quot;unit&quot;:&quot;px&quot;,&quot;size&quot;:&quot;&quot;,&quot;sizes&quot;:[]}}\" data-widget_type=\"loop-grid.post\">\n\t\t\t\t<div class=\"elementor-widget-container\">\n\t\t\t\t\t\t\t<div class=\"elementor-loop-container elementor-grid\">\n\t\t<style id=\"loop-241494\">.elementor-241494 .elementor-element.elementor-element-7b73b1b{--display:flex;--flex-direction:row;--container-widget-width:initial;--container-widget-height:100%;--container-widget-flex-grow:1;--container-widget-align-self:stretch;--flex-wrap-mobile:wrap;--border-radius:24px 24px 24px 24px;}.elementor-241494 .elementor-element.elementor-element-7b73b1b:not(.elementor-motion-effects-element-type-background), .elementor-241494 .elementor-element.elementor-element-7b73b1b > .elementor-motion-effects-container > .elementor-motion-effects-layer{background-color:var( --e-global-color-9165088 );}.elementor-241494 .elementor-element.elementor-element-769f2e3{--display:flex;}.elementor-241494 .elementor-element.elementor-element-3401993 img{border-radius:12px 12px 12px 12px;}.elementor-241494 .elementor-element.elementor-element-8e3cd18{--display:flex;}.elementor-241494 .elementor-element.elementor-element-8fdb380{text-align:right;}.elementor-241494 .elementor-element.elementor-element-8fdb380 .elementor-heading-title{font-style:italic;}<\/style>\t\t<div data-elementor-type=\"loop-item\" data-elementor-id=\"241494\" class=\"elementor elementor-241494 e-loop-item e-loop-item-244493 post-244493 post type-post status-publish format-standard has-post-thumbnail hentry category-advocacy\" data-elementor-post-type=\"elementor_library\" data-custom-edit-handle=\"1\">\n\t\t\t<div class=\"elementor-element elementor-element-7b73b1b e-flex e-con-boxed e-con e-parent\" data-id=\"7b73b1b\" data-element_type=\"container\" data-settings=\"{&quot;background_background&quot;:&quot;classic&quot;}\">\n\t\t\t\t\t<div class=\"e-con-inner\">\n\t\t<div class=\"elementor-element elementor-element-769f2e3 e-con-full e-flex e-con e-child\" data-id=\"769f2e3\" data-element_type=\"container\">\n\t\t\t\t<div class=\"elementor-element elementor-element-3401993 elementor-widget elementor-widget-image\" data-id=\"3401993\" data-element_type=\"widget\" data-widget_type=\"image.default\">\n\t\t\t\t<div class=\"elementor-widget-container\">\n\t\t\t\t\t\t\t\t\t\t\t\t\t\t\t<img fetchpriority=\"high\" decoding=\"async\" width=\"800\" height=\"450\" src=\"https:\/\/www.mppu.org\/wp-content\/uploads\/2025\/12\/0.-UN-SIDE-EVENT-Co-governance-solutions-for-cities-Youtube-Banner-1024x576.png\" class=\"attachment-large size-large wp-image-244122\" alt=\"\" srcset=\"https:\/\/www.mppu.org\/wp-content\/uploads\/2025\/12\/0.-UN-SIDE-EVENT-Co-governance-solutions-for-cities-Youtube-Banner-1024x576.png 1024w, https:\/\/www.mppu.org\/wp-content\/uploads\/2025\/12\/0.-UN-SIDE-EVENT-Co-governance-solutions-for-cities-Youtube-Banner-300x169.png 300w, https:\/\/www.mppu.org\/wp-content\/uploads\/2025\/12\/0.-UN-SIDE-EVENT-Co-governance-solutions-for-cities-Youtube-Banner-768x432.png 768w, https:\/\/www.mppu.org\/wp-content\/uploads\/2025\/12\/0.-UN-SIDE-EVENT-Co-governance-solutions-for-cities-Youtube-Banner.png 1280w\" sizes=\"(max-width: 800px) 100vw, 800px\" \/>\t\t\t\t\t\t\t\t\t\t\t\t\t\t\t<\/div>\n\t\t\t\t<\/div>\n\t\t\t\t<\/div>\n\t\t<div class=\"elementor-element elementor-element-8e3cd18 e-con-full e-flex e-con e-child\" data-id=\"8e3cd18\" data-element_type=\"container\">\n\t\t\t\t<div class=\"elementor-element elementor-element-38aa56d elementor-widget elementor-widget-heading\" data-id=\"38aa56d\" data-element_type=\"widget\" data-widget_type=\"heading.default\">\n\t\t\t\t<div class=\"elementor-widget-container\">\n\t\t\t\t\t<h2 class=\"elementor-heading-title elementor-size-default\">Soluzioni di Co-Governance nelle citt\u00e0: Il Contributo di MPPU e New Humanity alle Nazioni Unite<\/h2>\t\t\t\t<\/div>\n\t\t\t\t<\/div>\n\t\t\t\t<div class=\"elementor-element elementor-element-98ea741 elementor-widget elementor-widget-theme-post-excerpt\" data-id=\"98ea741\" data-element_type=\"widget\" data-widget_type=\"theme-post-excerpt.default\">\n\t\t\t\t<div class=\"elementor-widget-container\">\n\t\t\t\t\t<p>Il 11 luglio 2024, il Movimento Politico per L\u2019Unit\u00e0 (MPPU) e la ONG New Humanity hanno organizzato un evento collaterale online durante il Forum politico di alto livello sullo sviluppo sostenibile (HLPF) delle Nazioni Unite, tenutosi dall\u20198 al 17 luglio 2024 a New York. L\u2019evento, intitolato \u201cDalla crisi all\u2019azione collettiva: soluzioni di co-governance per le [&hellip;]<\/p>\n\t\t\t\t<\/div>\n\t\t\t\t<\/div>\n\t\t\t\t<div class=\"elementor-element elementor-element-faed96f elementor-align-justify elementor-widget elementor-widget-button\" data-id=\"faed96f\" data-element_type=\"widget\" data-widget_type=\"button.default\">\n\t\t\t\t<div class=\"elementor-widget-container\">\n\t\t\t\t\t\t\t\t\t<div class=\"elementor-button-wrapper\">\n\t\t\t\t\t<a class=\"elementor-button elementor-button-link elementor-size-sm\" href=\"https:\/\/www.mppu.org\/index.php\/2025\/12\/10\/soluzioni-di-co-governance-nelle-citta-il-contributo-di-mppu-e-new-humanity-alle-nazioni-unite\/\">\n\t\t\t\t\t\t<span class=\"elementor-button-content-wrapper\">\n\t\t\t\t\t\t\t\t\t<span class=\"elementor-button-text\">Leggi di pi\u00f9<\/span>\n\t\t\t\t\t<\/span>\n\t\t\t\t\t<\/a>\n\t\t\t\t<\/div>\n\t\t\t\t\t\t\t\t<\/div>\n\t\t\t\t<\/div>\n\t\t\t\t<\/div>\n\t\t\t\t\t<\/div>\n\t\t\t\t<\/div>\n\t\t\t\t<\/div>\n\t\t\t\t<\/div>\n\t\t\t\t\t<span class=\"e-load-more-spinner\">\n\t\t\t\t<svg aria-hidden=\"true\" class=\"e-font-icon-svg e-fas-spinner\" viewBox=\"0 0 512 512\" xmlns=\"http:\/\/www.w3.org\/2000\/svg\"><path d=\"M304 48c0 26.51-21.49 48-48 48s-48-21.49-48-48 21.49-48 48-48 48 21.49 48 48zm-48 368c-26.51 0-48 21.49-48 48s21.49 48 48 48 48-21.49 48-48-21.49-48-48-48zm208-208c-26.51 0-48 21.49-48 48s21.49 48 48 48 48-21.49 48-48-21.49-48-48-48zM96 256c0-26.51-21.49-48-48-48S0 229.49 0 256s21.49 48 48 48 48-21.49 48-48zm12.922 99.078c-26.51 0-48 21.49-48 48s21.49 48 48 48 48-21.49 48-48c0-26.509-21.491-48-48-48zm294.156 0c-26.51 0-48 21.49-48 48s21.49 48 48 48 48-21.49 48-48c0-26.509-21.49-48-48-48zM108.922 60.922c-26.51 0-48 21.49-48 48s21.49 48 48 48 48-21.49 48-48-21.491-48-48-48z\"><\/path><\/svg>\t\t\t<\/span>\n\t\t\n\t\t\t\t\t\t<\/div>\n\t\t\t\t<\/div>\n\t\t\t\t\t<\/div>\n\t\t\t\t<\/div>\n\t\t\t\t<\/div>\n\t\t","protected":false},"excerpt":{"rendered":"<p>Siamo convinti che l\u2019attuazione di strategie creative e innovative, spesso limitate ma ispirate a una visione di corresponsabilit\u00e0, inclusione e maggiore equit\u00e0, possa avere un impatto efficace sui nostri territori e rigenerarne il tessuto. Questo spazio \u00e8 a disposizione di coloro che desiderano condividere e diffondere le \u201cbuone pratiche\u201d esistenti: non per promuovere particolari attivit\u00e0 [&hellip;]<\/p>\n","protected":false},"author":1,"featured_media":0,"parent":241450,"menu_order":0,"comment_status":"closed","ping_status":"closed","template":"","meta":{"_acf_changed":false,"footnotes":""},"class_list":["post-244496","page","type-page","status-publish","hentry"],"acf":[],"_links":{"self":[{"href":"https:\/\/www.mppu.org\/index.php\/wp-json\/wp\/v2\/pages\/244496","targetHints":{"allow":["GET"]}}],"collection":[{"href":"https:\/\/www.mppu.org\/index.php\/wp-json\/wp\/v2\/pages"}],"about":[{"href":"https:\/\/www.mppu.org\/index.php\/wp-json\/wp\/v2\/types\/page"}],"author":[{"embeddable":true,"href":"https:\/\/www.mppu.org\/index.php\/wp-json\/wp\/v2\/users\/1"}],"replies":[{"embeddable":true,"href":"https:\/\/www.mppu.org\/index.php\/wp-json\/wp\/v2\/comments?post=244496"}],"version-history":[{"count":4,"href":"https:\/\/www.mppu.org\/index.php\/wp-json\/wp\/v2\/pages\/244496\/revisions"}],"predecessor-version":[{"id":244500,"href":"https:\/\/www.mppu.org\/index.php\/wp-json\/wp\/v2\/pages\/244496\/revisions\/244500"}],"up":[{"embeddable":true,"href":"https:\/\/www.mppu.org\/index.php\/wp-json\/wp\/v2\/pages\/241450"}],"wp:attachment":[{"href":"https:\/\/www.mppu.org\/index.php\/wp-json\/wp\/v2\/media?parent=244496"}],"curies":[{"name":"wp","href":"https:\/\/api.w.org\/{rel}","templated":true}]}}