{"id":244678,"date":"2025-12-17T00:38:22","date_gmt":"2025-12-16T23:38:22","guid":{"rendered":"https:\/\/www.mppu.org\/?page_id=244678"},"modified":"2026-03-13T15:36:47","modified_gmt":"2026-03-13T14:36:47","slug":"appello-per-la-pace","status":"publish","type":"page","link":"https:\/\/www.mppu.org\/index.php\/appello-per-la-pace\/","title":{"rendered":"Appello per la pace"},"content":{"rendered":"\t\t<div data-elementor-type=\"wp-page\" data-elementor-id=\"244678\" class=\"elementor elementor-244678\" data-elementor-post-type=\"page\">\n\t\t\t\t<div class=\"elementor-element elementor-element-d4662b3 e-flex e-con-boxed e-con e-parent\" data-id=\"d4662b3\" data-element_type=\"container\">\n\t\t\t\t\t<div class=\"e-con-inner\">\n\t\t\t\t<div class=\"elementor-element elementor-element-de18820 elementor-blockquote--skin-border elementor-blockquote--button-color-official elementor-widget elementor-widget-blockquote\" data-id=\"de18820\" data-element_type=\"widget\" data-widget_type=\"blockquote.default\">\n\t\t\t\t<div class=\"elementor-widget-container\">\n\t\t\t\t\t\t\t<blockquote class=\"elementor-blockquote\">\n\t\t\t<p class=\"elementor-blockquote__content\">\n\t\t\t\tLa pace come unica possibilit\u00e0, appello del Mppu internazionale.\t\t\t<\/p>\n\t\t\t\t\t\t\t<div class=\"e-q-footer\">\n\t\t\t\t\t\t\t\t\t\t\t<cite class=\"elementor-blockquote__author\">15 Novembre 2023 - Fonte: Citt\u00e0 Nuova - di Maria Bencivenni e Spirito Oderda<\/cite>\n\t\t\t\t\t\t\t\t\t\t\t\t\t\t<\/div>\n\t\t\t\t\t<\/blockquote>\n\t\t\t\t\t\t<\/div>\n\t\t\t\t<\/div>\n\t\t\t\t<div class=\"elementor-element elementor-element-b92c30a elementor-widget elementor-widget-text-editor\" data-id=\"b92c30a\" data-element_type=\"widget\" data-widget_type=\"text-editor.default\">\n\t\t\t\t<div class=\"elementor-widget-container\">\n\t\t\t\t\t\t\t\t\t<p>Le radici, il metodo e la finalit\u00e0 dell\u2019appello promosso su scala mondiale dal Movimento politico per l\u2019unit\u00e0 assieme ad una traccia di riflessione per affermare: \u00abNessuna guerra pi\u00f9 nel mondo, nessun figlio pi\u00f9 alla guerra: con gli occhi delle madri e dei padri, una via d\u2019uscita politica per la pace\u00bb.<\/p>\t\t\t\t\t\t\t\t<\/div>\n\t\t\t\t<\/div>\n\t\t\t\t<div class=\"elementor-element elementor-element-a912b13 elementor-widget elementor-widget-image\" data-id=\"a912b13\" data-element_type=\"widget\" data-widget_type=\"image.default\">\n\t\t\t\t<div class=\"elementor-widget-container\">\n\t\t\t\t\t\t\t\t\t\t\t\t\t\t\t<img fetchpriority=\"high\" decoding=\"async\" width=\"768\" height=\"512\" src=\"https:\/\/www.mppu.org\/wp-content\/uploads\/2025\/12\/Stop-War-768x512.jpg\" class=\"attachment-medium_large size-medium_large wp-image-244680\" alt=\"\" srcset=\"https:\/\/www.mppu.org\/wp-content\/uploads\/2025\/12\/Stop-War-768x512.jpg 768w, https:\/\/www.mppu.org\/wp-content\/uploads\/2025\/12\/Stop-War-300x200.jpg 300w, https:\/\/www.mppu.org\/wp-content\/uploads\/2025\/12\/Stop-War-1024x683.jpg 1024w, https:\/\/www.mppu.org\/wp-content\/uploads\/2025\/12\/Stop-War-1536x1024.jpg 1536w, https:\/\/www.mppu.org\/wp-content\/uploads\/2025\/12\/Stop-War-2048x1366.jpg 2048w\" sizes=\"(max-width: 768px) 100vw, 768px\" \/>\t\t\t\t\t\t\t\t\t\t\t\t\t\t\t<\/div>\n\t\t\t\t<\/div>\n\t\t\t\t<div class=\"elementor-element elementor-element-449bb0a elementor-widget elementor-widget-text-editor\" data-id=\"449bb0a\" data-element_type=\"widget\" data-widget_type=\"text-editor.default\">\n\t\t\t\t<div class=\"elementor-widget-container\">\n\t\t\t\t\t\t\t\t\t<p>\u00abDavanti all\u2019attuale\u00a0<strong><a href=\"https:\/\/drive.google.com\/drive\/folders\/1HBeGiKyDWl0wChfhaUqg653PapAAGbBN?usp=sharing\" target=\"_blank\" rel=\"nofollow noopener\">tragedia in Terra Santa<\/a><\/strong>, noi politici del Mppu, come parte dell\u2019umanit\u00e0, sentiamo di chiedere perdono alle vittime di questa e di tutte le guerre in corso\u00a0per aver fatto troppo poco nella ricerca di soluzioni politiche pacifiche dei conflitti\u00bb.<\/p><p>Comincia in questo modo\u00a0l\u2019appello per la pace in Terra Santa che il Movimento Politico per l\u2019Unit\u00e0 ha deciso di lanciare a livello mondiale\u00a0come \u00abrete internazionale di politici, funzionari, diplomatici, studenti e ricercatori, attivisti nei partiti e nella societ\u00e0 civile di\u00a022 Paesi nei 5 continenti, impegnata nella costruzione di un mondo pi\u00f9 fraterno, giusto ed egualitario\u00bb.<\/p><p><em>\u00a0<\/em>Il Mppu \u00e8 espressione del Movimento dei Focolari nato a Trento nel 1943. \u201cErano i tempi di guerra\u2026\u201d, sotto le bombe della II guerra Mondiale. Una corrente di popolo che ha dato vita, in quella tempesta, ad una straordinaria esperienza di fraternit\u00e0 proiettata verso un sogno pi\u00f9 grande:\u00a0la fraternit\u00e0 universale.<\/p><p>Nel mondo di oggi, tremendamente lacerato in pi\u00f9 parti da quella che\u00a0papa Francesco ha definito la III guerra mondiale a pezzi, noi che quel sogno abbiamo abbracciato e fatto nostro ci ritroviamo a doverlo riaffermare con tutta la forza e con la fiducia pi\u00f9 grande.<\/p><p>Riconoscendo nella politica il luogo di tante delle scelte decisive verso una convivenza concorde, o verso la disunit\u00e0 e gli scontri, la fondatrice dei Focolari\u00a0Chiara Lubich, che di quel sogno \u00e8 stata prima testimone e maestra*, nel 1996 diede vita al\u00a0Movimento politico per l\u2019unit\u00e0: un \u201claboratorio\u201d fondato proprio per generare, nel luogo per eccellenza degli scontri e delle contrapposizioni, una dinamica nuova, che porti le diversit\u00e0 ad interagire in maniera virtuosa, con\u00a0l\u2019obiettivo prioritario del bene comune e con i pi\u00f9 deboli al primo posto. Un agire politico che, assumendo con consapevolezza il proprio compito e la propria responsabilit\u00e0, dai livelli pi\u00f9 vicini, fino ai parlamenti e ai consessi internazionali, si propone di creare le condizioni perch\u00e9 il mondo viva nella pace.<\/p><p>Il Movimento politico per l\u2019unit\u00e0 (Mppu) \u00e8 presente oggi, come detto, in 22 Paesi dei cinque continenti, ed \u00e8 coordinato da un Centro internazionale che in questi nuovi \u201ctempi di guerra\u201d si \u00e8 sentito, come tanti, particolarmente interpellato, ed anche da pi\u00f9 parti sollecitato ad esprimersi.<\/p><p>Ne \u00e8 seguito un lavoro ampio e articolato, che ha richiesto qualche settimana per concludersi. \u00c8 stata molto significativa la dinamica \u201cfraterna\u201d con cui ci si \u00e8 confrontati, giungendo da posizioni anche distanti ad una formulazione comune,\u00a0avendo sempre davanti le vittime delle guerre in atto, i fragili, i bambini, ai quali c\u2019\u00e8 solo da chiedere perdono per questo vortice folle di violenza\u00a0che non si ferma. Le sensibilit\u00e0, i punti di vista, le posizioni dalle varie parti del mondo sono molto diverse, ma si \u00e8 fortemente voluto, proprio sulla pace, priorit\u00e0 della politica, convergere in un documento che esprimesse tutti.<\/p><p>Non un esercizio di scrittura, non un\u2019enunciazione di belle idee, ma un documento politico sui valori e sull\u2019essenza della politica e dei suoi strumenti, una politica capace di costruire soluzioni non violente ai conflitti in corso, di stabilire ponti di dialogo, di ricomporre le lacerazioni tra i popoli. Abbiamo voluto affermare con forza\u00a0il ripudio della guerra come strumento politico.<\/p><p>Non si \u00e8 certamente dimenticato nel contempo che un contributo fondamentale alla costruzione della pace \u00e8 dovuto da ciascuno di noi nel proprio agire quotidiano.<\/p><p>Da tale condivisione \u201cmondiale\u201d (probabilmente una delle prime esperienze di questo genere) sono emersi due testi,\u00a0<strong>un Appello ed una Scheda di riflessioni<\/strong>, che proponiamo pubblicamente.<\/p><p>Non sono testi brevi, perch\u00e9 si \u00e8 ritenuto importante riuscire ad esprimere il pensiero un po\u2019 pi\u00f9 compiutamente. Siamo consapevoli del fatto che ci sono nel mondo molte realt\u00e0 ben pi\u00f9 riconosciute del Mppu ad esprimersi sulla Pace; e siamo altrettanto consapevoli di non avere la capacit\u00e0 per una \u201cinfluenza mediatica\u201d di rilievo. Ma riteniamo che i due documenti \u2013 espressione di un impegno in atto e ispiratori di decise scelte politiche \u2013 possano costituire una base per approfondimenti, riflessioni e azioni, un riferimento per lavorare per la pace, fare ricerca, formazione e influenza per promuovere una nuova cultura politica. Una piattaforma per sviluppare\u00a0la pace come politica.<\/p><p>Per diffondere pi\u00f9 al largo i contenuti dell\u2019Appello immaginiamo ci si servir\u00e0 di forme pi\u00f9 snelle, e anche di diverse modalit\u00e0 comunicative. Intanto\u00a0<strong><a href=\"http:\/\/www.mppu.org\/it\/appello-la-pace-unica-possibilita\/\">\u00e8 gi\u00e0 stata attivata\u00a0la piattaforma per raccogliere le firme di chi ritenga di sottoscriverlo<\/a><\/strong>.<\/p><p>Una cosa riteniamo importante di questa esperienza: la modalit\u00e0 di attuazione, la condivisione a dimensione mondiale (\u201cfare processi di influenza politica collettivamente\u201d, dice il presidente del Centro internazionale\u00a0Javier Baquero), una modalit\u00e0 che vorremmo divenisse un esempio per procedere anche in futuro, nell\u2019ottica del nostro sogno e della sua progressiva attuazione: la fraternit\u00e0 universale. Attraverso una politica a servizio dell\u2019unit\u00e0 della famiglia umana. Senza alcun altro interesse.<\/p><p>*\u00a0A Chiara Lubich \u00e8 stato assegnato nel 1996 il \u201cPremio UNESCO per l\u2019educazione alla Pace\u201d<\/p>\t\t\t\t\t\t\t\t<\/div>\n\t\t\t\t<\/div>\n\t\t\t\t\t<\/div>\n\t\t\t\t<\/div>\n\t\t<div class=\"elementor-element elementor-element-55cf525 e-con-full e-flex e-con e-child\" data-id=\"55cf525\" data-element_type=\"container\" data-settings=\"{&quot;background_background&quot;:&quot;classic&quot;}\">\n\t\t<div class=\"elementor-element elementor-element-133369e e-con-full e-flex e-con e-child\" data-id=\"133369e\" data-element_type=\"container\">\n\t\t\t\t<div class=\"elementor-element elementor-element-39e0ed0 elementor-view-default elementor-widget elementor-widget-icon\" data-id=\"39e0ed0\" data-element_type=\"widget\" data-widget_type=\"icon.default\">\n\t\t\t\t<div class=\"elementor-widget-container\">\n\t\t\t\t\t\t\t<div class=\"elementor-icon-wrapper\">\n\t\t\t<div class=\"elementor-icon\">\n\t\t\t<svg aria-hidden=\"true\" class=\"e-font-icon-svg e-far-file-pdf\" viewBox=\"0 0 384 512\" xmlns=\"http:\/\/www.w3.org\/2000\/svg\"><path d=\"M369.9 97.9L286 14C277 5 264.8-.1 252.1-.1H48C21.5 0 0 21.5 0 48v416c0 26.5 21.5 48 48 48h288c26.5 0 48-21.5 48-48V131.9c0-12.7-5.1-25-14.1-34zM332.1 128H256V51.9l76.1 76.1zM48 464V48h160v104c0 13.3 10.7 24 24 24h104v288H48zm250.2-143.7c-12.2-12-47-8.7-64.4-6.5-17.2-10.5-28.7-25-36.8-46.3 3.9-16.1 10.1-40.6 5.4-56-4.2-26.2-37.8-23.6-42.6-5.9-4.4 16.1-.4 38.5 7 67.1-10 23.9-24.9 56-35.4 74.4-20 10.3-47 26.2-51 46.2-3.3 15.8 26 55.2 76.1-31.2 22.4-7.4 46.8-16.5 68.4-20.1 18.9 10.2 41 17 55.8 17 25.5 0 28-28.2 17.5-38.7zm-198.1 77.8c5.1-13.7 24.5-29.5 30.4-35-19 30.3-30.4 35.7-30.4 35zm81.6-190.6c7.4 0 6.7 32.1 1.8 40.8-4.4-13.9-4.3-40.8-1.8-40.8zm-24.4 136.6c9.7-16.9 18-37 24.7-54.7 8.3 15.1 18.9 27.2 30.1 35.5-20.8 4.3-38.9 13.1-54.8 19.2zm131.6-5s-5 6-37.3-7.8c35.1-2.6 40.9 5.4 37.3 7.8z\"><\/path><\/svg>\t\t\t<\/div>\n\t\t<\/div>\n\t\t\t\t\t\t<\/div>\n\t\t\t\t<\/div>\n\t\t\t\t<div class=\"elementor-element elementor-element-ce9b585 elementor-widget elementor-widget-heading\" data-id=\"ce9b585\" data-element_type=\"widget\" data-widget_type=\"heading.default\">\n\t\t\t\t<div class=\"elementor-widget-container\">\n\t\t\t\t\t<h5 class=\"elementor-heading-title elementor-size-default\">APPELLO PER LA PACE - ITALIANO<\/h5>\t\t\t\t<\/div>\n\t\t\t\t<\/div>\n\t\t\t\t<div class=\"elementor-element elementor-element-8d8a6f3 elementor-align-justify elementor-widget elementor-widget-button\" data-id=\"8d8a6f3\" data-element_type=\"widget\" data-widget_type=\"button.default\">\n\t\t\t\t<div class=\"elementor-widget-container\">\n\t\t\t\t\t\t\t\t\t<div class=\"elementor-button-wrapper\">\n\t\t\t\t\t<a class=\"elementor-button elementor-button-link elementor-size-sm\" href=\"https:\/\/www.mppu.org\/wp-content\/uploads\/2026\/03\/MPU-20231108-Documento_PACE_IT.pdf\" target=\"_blank\">\n\t\t\t\t\t\t<span class=\"elementor-button-content-wrapper\">\n\t\t\t\t\t\t\t\t\t<span class=\"elementor-button-text\">Download<\/span>\n\t\t\t\t\t<\/span>\n\t\t\t\t\t<\/a>\n\t\t\t\t<\/div>\n\t\t\t\t\t\t\t\t<\/div>\n\t\t\t\t<\/div>\n\t\t\t\t<\/div>\n\t\t<div class=\"elementor-element elementor-element-304b404 e-con-full e-flex e-con e-child\" data-id=\"304b404\" data-element_type=\"container\">\n\t\t\t\t<div class=\"elementor-element elementor-element-87af1b3 elementor-view-default elementor-widget elementor-widget-icon\" data-id=\"87af1b3\" data-element_type=\"widget\" data-widget_type=\"icon.default\">\n\t\t\t\t<div class=\"elementor-widget-container\">\n\t\t\t\t\t\t\t<div class=\"elementor-icon-wrapper\">\n\t\t\t<div class=\"elementor-icon\">\n\t\t\t<svg aria-hidden=\"true\" class=\"e-font-icon-svg e-far-file-pdf\" viewBox=\"0 0 384 512\" xmlns=\"http:\/\/www.w3.org\/2000\/svg\"><path d=\"M369.9 97.9L286 14C277 5 264.8-.1 252.1-.1H48C21.5 0 0 21.5 0 48v416c0 26.5 21.5 48 48 48h288c26.5 0 48-21.5 48-48V131.9c0-12.7-5.1-25-14.1-34zM332.1 128H256V51.9l76.1 76.1zM48 464V48h160v104c0 13.3 10.7 24 24 24h104v288H48zm250.2-143.7c-12.2-12-47-8.7-64.4-6.5-17.2-10.5-28.7-25-36.8-46.3 3.9-16.1 10.1-40.6 5.4-56-4.2-26.2-37.8-23.6-42.6-5.9-4.4 16.1-.4 38.5 7 67.1-10 23.9-24.9 56-35.4 74.4-20 10.3-47 26.2-51 46.2-3.3 15.8 26 55.2 76.1-31.2 22.4-7.4 46.8-16.5 68.4-20.1 18.9 10.2 41 17 55.8 17 25.5 0 28-28.2 17.5-38.7zm-198.1 77.8c5.1-13.7 24.5-29.5 30.4-35-19 30.3-30.4 35.7-30.4 35zm81.6-190.6c7.4 0 6.7 32.1 1.8 40.8-4.4-13.9-4.3-40.8-1.8-40.8zm-24.4 136.6c9.7-16.9 18-37 24.7-54.7 8.3 15.1 18.9 27.2 30.1 35.5-20.8 4.3-38.9 13.1-54.8 19.2zm131.6-5s-5 6-37.3-7.8c35.1-2.6 40.9 5.4 37.3 7.8z\"><\/path><\/svg>\t\t\t<\/div>\n\t\t<\/div>\n\t\t\t\t\t\t<\/div>\n\t\t\t\t<\/div>\n\t\t\t\t<div class=\"elementor-element elementor-element-c763b12 elementor-widget elementor-widget-heading\" data-id=\"c763b12\" data-element_type=\"widget\" data-widget_type=\"heading.default\">\n\t\t\t\t<div class=\"elementor-widget-container\">\n\t\t\t\t\t<h5 class=\"elementor-heading-title elementor-size-default\">APPELLO PER LA PACE - INGLESE<\/h5>\t\t\t\t<\/div>\n\t\t\t\t<\/div>\n\t\t\t\t<div class=\"elementor-element elementor-element-6a91eaa elementor-align-justify elementor-widget elementor-widget-button\" data-id=\"6a91eaa\" data-element_type=\"widget\" data-widget_type=\"button.default\">\n\t\t\t\t<div class=\"elementor-widget-container\">\n\t\t\t\t\t\t\t\t\t<div class=\"elementor-button-wrapper\">\n\t\t\t\t\t<a class=\"elementor-button elementor-button-link elementor-size-sm\" href=\"https:\/\/www.mppu.org\/wp-content\/uploads\/2026\/03\/MPU-20231108-PEACE_Document_EN.pdf\" target=\"_blank\">\n\t\t\t\t\t\t<span class=\"elementor-button-content-wrapper\">\n\t\t\t\t\t\t\t\t\t<span class=\"elementor-button-text\">Download<\/span>\n\t\t\t\t\t<\/span>\n\t\t\t\t\t<\/a>\n\t\t\t\t<\/div>\n\t\t\t\t\t\t\t\t<\/div>\n\t\t\t\t<\/div>\n\t\t\t\t<\/div>\n\t\t<div class=\"elementor-element elementor-element-525e98d e-con-full e-flex e-con e-child\" data-id=\"525e98d\" data-element_type=\"container\">\n\t\t\t\t<div class=\"elementor-element elementor-element-f763221 elementor-view-default elementor-widget elementor-widget-icon\" data-id=\"f763221\" data-element_type=\"widget\" data-widget_type=\"icon.default\">\n\t\t\t\t<div class=\"elementor-widget-container\">\n\t\t\t\t\t\t\t<div class=\"elementor-icon-wrapper\">\n\t\t\t<div class=\"elementor-icon\">\n\t\t\t<svg aria-hidden=\"true\" class=\"e-font-icon-svg e-far-file-pdf\" viewBox=\"0 0 384 512\" xmlns=\"http:\/\/www.w3.org\/2000\/svg\"><path d=\"M369.9 97.9L286 14C277 5 264.8-.1 252.1-.1H48C21.5 0 0 21.5 0 48v416c0 26.5 21.5 48 48 48h288c26.5 0 48-21.5 48-48V131.9c0-12.7-5.1-25-14.1-34zM332.1 128H256V51.9l76.1 76.1zM48 464V48h160v104c0 13.3 10.7 24 24 24h104v288H48zm250.2-143.7c-12.2-12-47-8.7-64.4-6.5-17.2-10.5-28.7-25-36.8-46.3 3.9-16.1 10.1-40.6 5.4-56-4.2-26.2-37.8-23.6-42.6-5.9-4.4 16.1-.4 38.5 7 67.1-10 23.9-24.9 56-35.4 74.4-20 10.3-47 26.2-51 46.2-3.3 15.8 26 55.2 76.1-31.2 22.4-7.4 46.8-16.5 68.4-20.1 18.9 10.2 41 17 55.8 17 25.5 0 28-28.2 17.5-38.7zm-198.1 77.8c5.1-13.7 24.5-29.5 30.4-35-19 30.3-30.4 35.7-30.4 35zm81.6-190.6c7.4 0 6.7 32.1 1.8 40.8-4.4-13.9-4.3-40.8-1.8-40.8zm-24.4 136.6c9.7-16.9 18-37 24.7-54.7 8.3 15.1 18.9 27.2 30.1 35.5-20.8 4.3-38.9 13.1-54.8 19.2zm131.6-5s-5 6-37.3-7.8c35.1-2.6 40.9 5.4 37.3 7.8z\"><\/path><\/svg>\t\t\t<\/div>\n\t\t<\/div>\n\t\t\t\t\t\t<\/div>\n\t\t\t\t<\/div>\n\t\t\t\t<div class=\"elementor-element elementor-element-c345464 elementor-widget elementor-widget-heading\" data-id=\"c345464\" data-element_type=\"widget\" data-widget_type=\"heading.default\">\n\t\t\t\t<div class=\"elementor-widget-container\">\n\t\t\t\t\t<h5 class=\"elementor-heading-title elementor-size-default\">APPELLO PER LA PACE - SPAGNOLO<\/h5>\t\t\t\t<\/div>\n\t\t\t\t<\/div>\n\t\t\t\t<div class=\"elementor-element elementor-element-9fbb446 elementor-align-justify elementor-widget elementor-widget-button\" data-id=\"9fbb446\" data-element_type=\"widget\" data-widget_type=\"button.default\">\n\t\t\t\t<div class=\"elementor-widget-container\">\n\t\t\t\t\t\t\t\t\t<div class=\"elementor-button-wrapper\">\n\t\t\t\t\t<a class=\"elementor-button elementor-button-link elementor-size-sm\" href=\"https:\/\/www.mppu.org\/wp-content\/uploads\/2026\/03\/MPU-20231108-Documento_de_PAZ_ES.pdf\" target=\"_blank\">\n\t\t\t\t\t\t<span class=\"elementor-button-content-wrapper\">\n\t\t\t\t\t\t\t\t\t<span class=\"elementor-button-text\">Download<\/span>\n\t\t\t\t\t<\/span>\n\t\t\t\t\t<\/a>\n\t\t\t\t<\/div>\n\t\t\t\t\t\t\t\t<\/div>\n\t\t\t\t<\/div>\n\t\t\t\t<\/div>\n\t\t<div class=\"elementor-element elementor-element-51c382a e-con-full e-flex e-con e-child\" data-id=\"51c382a\" data-element_type=\"container\">\n\t\t\t\t<div class=\"elementor-element elementor-element-49f78df elementor-view-default elementor-widget elementor-widget-icon\" data-id=\"49f78df\" data-element_type=\"widget\" data-widget_type=\"icon.default\">\n\t\t\t\t<div class=\"elementor-widget-container\">\n\t\t\t\t\t\t\t<div class=\"elementor-icon-wrapper\">\n\t\t\t<div class=\"elementor-icon\">\n\t\t\t<svg aria-hidden=\"true\" class=\"e-font-icon-svg e-far-file-pdf\" viewBox=\"0 0 384 512\" xmlns=\"http:\/\/www.w3.org\/2000\/svg\"><path d=\"M369.9 97.9L286 14C277 5 264.8-.1 252.1-.1H48C21.5 0 0 21.5 0 48v416c0 26.5 21.5 48 48 48h288c26.5 0 48-21.5 48-48V131.9c0-12.7-5.1-25-14.1-34zM332.1 128H256V51.9l76.1 76.1zM48 464V48h160v104c0 13.3 10.7 24 24 24h104v288H48zm250.2-143.7c-12.2-12-47-8.7-64.4-6.5-17.2-10.5-28.7-25-36.8-46.3 3.9-16.1 10.1-40.6 5.4-56-4.2-26.2-37.8-23.6-42.6-5.9-4.4 16.1-.4 38.5 7 67.1-10 23.9-24.9 56-35.4 74.4-20 10.3-47 26.2-51 46.2-3.3 15.8 26 55.2 76.1-31.2 22.4-7.4 46.8-16.5 68.4-20.1 18.9 10.2 41 17 55.8 17 25.5 0 28-28.2 17.5-38.7zm-198.1 77.8c5.1-13.7 24.5-29.5 30.4-35-19 30.3-30.4 35.7-30.4 35zm81.6-190.6c7.4 0 6.7 32.1 1.8 40.8-4.4-13.9-4.3-40.8-1.8-40.8zm-24.4 136.6c9.7-16.9 18-37 24.7-54.7 8.3 15.1 18.9 27.2 30.1 35.5-20.8 4.3-38.9 13.1-54.8 19.2zm131.6-5s-5 6-37.3-7.8c35.1-2.6 40.9 5.4 37.3 7.8z\"><\/path><\/svg>\t\t\t<\/div>\n\t\t<\/div>\n\t\t\t\t\t\t<\/div>\n\t\t\t\t<\/div>\n\t\t\t\t<div class=\"elementor-element elementor-element-bd40868 elementor-widget elementor-widget-heading\" data-id=\"bd40868\" data-element_type=\"widget\" data-widget_type=\"heading.default\">\n\t\t\t\t<div class=\"elementor-widget-container\">\n\t\t\t\t\t<h5 class=\"elementor-heading-title elementor-size-default\">APPELLO PER LA PACE - PORTOGHESE<\/h5>\t\t\t\t<\/div>\n\t\t\t\t<\/div>\n\t\t\t\t<div class=\"elementor-element elementor-element-85714fe elementor-align-justify elementor-widget elementor-widget-button\" data-id=\"85714fe\" data-element_type=\"widget\" data-widget_type=\"button.default\">\n\t\t\t\t<div class=\"elementor-widget-container\">\n\t\t\t\t\t\t\t\t\t<div class=\"elementor-button-wrapper\">\n\t\t\t\t\t<a class=\"elementor-button elementor-button-link elementor-size-sm\" href=\"https:\/\/www.mppu.org\/wp-content\/uploads\/2026\/03\/MPU-20231108-Documento_de_PAZ_PT.pdf\" target=\"_blank\">\n\t\t\t\t\t\t<span class=\"elementor-button-content-wrapper\">\n\t\t\t\t\t\t\t\t\t<span class=\"elementor-button-text\">Download<\/span>\n\t\t\t\t\t<\/span>\n\t\t\t\t\t<\/a>\n\t\t\t\t<\/div>\n\t\t\t\t\t\t\t\t<\/div>\n\t\t\t\t<\/div>\n\t\t\t\t<\/div>\n\t\t\t\t<\/div>\n\t\t\t\t<\/div>\n\t\t","protected":false},"excerpt":{"rendered":"<p>La pace come unica possibilit\u00e0, appello del Mppu internazionale. 15 Novembre 2023 &#8211; Fonte: Citt\u00e0 Nuova &#8211; di Maria Bencivenni e Spirito Oderda Le radici, il metodo e la finalit\u00e0 dell\u2019appello promosso su scala mondiale dal Movimento politico per l\u2019unit\u00e0 assieme ad una traccia di riflessione per affermare: \u00abNessuna guerra pi\u00f9 nel mondo, nessun figlio [&hellip;]<\/p>\n","protected":false},"author":1,"featured_media":0,"parent":0,"menu_order":0,"comment_status":"closed","ping_status":"closed","template":"","meta":{"_acf_changed":false,"footnotes":""},"class_list":["post-244678","page","type-page","status-publish","hentry"],"acf":[],"_links":{"self":[{"href":"https:\/\/www.mppu.org\/index.php\/wp-json\/wp\/v2\/pages\/244678","targetHints":{"allow":["GET"]}}],"collection":[{"href":"https:\/\/www.mppu.org\/index.php\/wp-json\/wp\/v2\/pages"}],"about":[{"href":"https:\/\/www.mppu.org\/index.php\/wp-json\/wp\/v2\/types\/page"}],"author":[{"embeddable":true,"href":"https:\/\/www.mppu.org\/index.php\/wp-json\/wp\/v2\/users\/1"}],"replies":[{"embeddable":true,"href":"https:\/\/www.mppu.org\/index.php\/wp-json\/wp\/v2\/comments?post=244678"}],"version-history":[{"count":26,"href":"https:\/\/www.mppu.org\/index.php\/wp-json\/wp\/v2\/pages\/244678\/revisions"}],"predecessor-version":[{"id":244899,"href":"https:\/\/www.mppu.org\/index.php\/wp-json\/wp\/v2\/pages\/244678\/revisions\/244899"}],"wp:attachment":[{"href":"https:\/\/www.mppu.org\/index.php\/wp-json\/wp\/v2\/media?parent=244678"}],"curies":[{"name":"wp","href":"https:\/\/api.w.org\/{rel}","templated":true}]}}